346
What is 83804 (base 9) in base 2?
1101100000011111
Convert 121202 (base 8) to base 4.
22022002
-111223 (base 4) to base 2
-10101101011
153 (base 13) to base 14
12d
-31040 (base 5) to base 7
-5614
What is 1010110000001101 (base 2) in base 4?
22300031
-1ddd (base 15) to base 10
-6508
Convert c95 (base 15) to base 12.
1788
Convert 2442200 (base 5) to base 14.
12d70
Convert 206 (base 11) to base 12.
188
What is 613 (base 14) in base 13?
70a
Convert 236a (base 11) to base 8.
6035
Convert -b82 (base 16) to base 4.
-232002
Convert -32c9 (base 13) to base 3.
-100201202
-6063 (base 8) to base 10
-3123
22675 (base 10) to base 5
1211200
What is 3324 (base 5) in base 10?
464
Convert 672 (base 10) to base 3.
220220
What is -9c (base 15) in base 14?
-a7
16526 (base 7) to base 5
122344
40024 (base 5) to base 2
100111010010
What is -57771 (base 9) in base 13?
-14707
Convert 2755 (base 8) to base 11.
115a
103332 (base 4) to base 3
1202100
Convert -111101011100 (base 2) to base 14.
-160c
-204 (base 10) to base 9
-246
-743 (base 8) to base 15
-223
What is -1919 (base 10) in base 7?
-5411
What is -2121011 (base 3) in base 6?
-12434
What is -11001110010 (base 2) in base 15?
-750
264 (base 15) to base 5
4134
-776 (base 8) to base 7
-1326
Convert 1016 (base 8) to base 5.
4101
What is -3ec (base 15) in base 5?
-12042
-d2e8 (base 15) to base 16
-adff
-121220001 (base 3) to base 12
-7161
Convert 11013 (base 4) to base 6.
1303
Convert -520 (base 11) to base 13.
-393
Convert 14320 (base 9) to base 11.
7353
-315 (base 15) to base 3
-221202
What is -5466 (base 7) in base 2?
-11110100111
-2413240 (base 5) to base 15
-d430
12143 (base 5) to base 2
1110011011
-1010100100 (base 2) to base 9
-831
1000001011011110 (base 2) to base 15
9dd7
Convert -133448 (base 9) to base 7.
-455663
-211 (base 13) to base 4
-11200
What is 1001010001 (base 2) in base 6?
2425
Convert -20390 (base 10) to base 15.
-6095
What is -10000110010011 (base 2) in base 8?
-20623
What is -312341 (base 5) in base 4?
-2201222
Convert -6894 (base 13) to base 11.
-10013
-10114 (base 6) to base 9
-1751
Convert -15021 (base 8) to base 7.
-25312
-26ad (base 15) to base 12
-4947
Convert -c1c (base 14) to base 10.
-2378
What is -1001010110011001 (base 2) in base 7?
-216440
What is 304333 (base 5) in base 7?
41030
What is -2001132 (base 4) in base 14?
-303c
What is 236ab (base 12) in base 11?
3288a
-113210 (base 4) to base 12
-a58
What is 331220 (base 4) in base 15?
127e
-112625 (base 7) to base 14
-7515
-1e55 (base 15) to base 11
-4a65
Convert -130433 (base 5) to base 3.
-21000120
What is -100003 (base 4) in base 7?
-2665
What is 450 (base 6) in base 2?
10101110
211222 (base 3) to base 2
1001101100
What is a8c (base 16) in base 3?
10201000
-7053 (base 8) to base 12
-2123
707 (base 9) to base 14
2d0
Convert -212 (base 15) to base 12.
-32b
Convert -11212021 (base 3) to base 14.
-1412
Convert -505 (base 16) to base 13.
-77b
Convert -782 (base 9) to base 15.
-2cb
What is -133 (base 10) in base 7?
-250
-30420 (base 7) to base 15
-22e3
What is -19931 (base 12) in base 2?
-1001001011110101
What is -20143 (base 5) in base 12?
-902
101101 (base 4) to base 3
1111221
What is 4230 (base 6) in base 14?
4c2
What is -2122220 (base 3) in base 13?
-b64
-6409 (base 12) to base 10
-10953
Convert -141 (base 10) to base 2.
-10001101
Convert -7d17 (base 16) to base 15.
-974d
7cd (base 15) to base 13
a60
Convert 7788 (base 11) to base 15.
3090
What is -242 (base 7) in base 9?
-152
Convert 11011100 (base 3) to base 2.
101111011001
10001110010101000 (base 2) to base 10
72872
Convert -1571 (base 10) to base 15.
-6eb
-3334 (base 8) to base 7
-5056
322021 (base 4) to base 14
14db
What is 5456 (base 7) in base 15?
8a2
Convert -c521 (base 14) to base 7.
-200641
-1048 (base 10) to base 4
-100120
What is -10163 (base 7) in base 4?
-212333
What is 244433 (base 5) in base 9?
13758
5414 (base 7) to base 8
3602
18850 (base 9) to base 8
31436
Convert -49e8 (base 15) to base 8.
-36577
Convert -434 (base 14) to base 13.
-4bb
-103210 (base 4) to base 14
-656
What is -1332 (base 9) in base 5?
-13001
What is -21001 (base 3) in base 12?
-13a
What is 102222221 (base 3) in base 15?
28d1
What is 4c3 (base 16) in base 7?
3361
Convert -1258 (base 11) to base 12.
-b44
What is 24b (base 16) in base 7?
1466
What is -1001101 (base 4) in base 11?
-3158
5620 (base 8) to base 15
d25
What is -111000110101100 (base 2) in base 14?
-a868
What is 224240 (base 7) in base 3?
2000202022
What is -3bb (base 13) in base 4?
-22111
What is -1157 (base 9) in base 3?
-1011221
What is 100111001101000 (base 2) in base 11?
14098
Convert 222122000 (base 3) to base 4.
10233111
Convert 2212331 (base 4) to base 8.
24675
Convert 115 (base 13) to base 6.
511
Convert -169 (base 15) to base 9.
-400
322 (base 9) to base 8
407
Convert -3304 (base 5) to base 16.
-1c6
What is 26245 (base 8) in base 9?
16608
cf58 (base 16) to base 5
3144310
What is 257 (base 11) in base 10?
304
What is -132344 (base 7) in base 13?
-b426
-dad (base 15) to base 12
-1954
2520 (base 11) to base 5
101124
What is 10000 (base 3) in base 7?
144
Convert -11001100001001 (base 2) to base 3.
-122220220
What is 10010100010011 (base 2) in base 15?
2c2b
What is -23401 (base 6) in base 2?
-110100111001
921 (base 12) to base 6
10041
-208 (base 11) to base 9
-307
What is 123303 (base 4) in base 10?
1779
What is 3aa (base 14) in base 10?
738
-14059 (base 10) to base 15
-4274
What is -33103 (base 8) in base 9?
-21044
Convert 12140 (base 8) to base 7.
21131
-90a (base 14) to base 13
-a66
What is 222 (base 9) in base 3?
20202
What is -7303 (base 12) in base 11?
-9462
What is 3212 (base 7) in base 8?
2160
What is 5b0 (base 13) in base 2?
1111011100
-10010011110101 (base 2) to base 7
-36404
Convert 12ff (base 16) to base 4.
1023333
What is -1302 (base 4) in base 5?
-424
What is 50115 (base 6) in base 4?
1211333
What is -12079 (base 10) in base 14?
-458b
-22 (base 6) to base 14
-10
962 (base 11) to base 10
1157
What is 10110010001 (base 2) in base 5?
21200
Convert -757 (base 8) to base 4.
-13233
What is 2022011122 (base 3) in base 16?
b10b
-7041 (base 11) to base 9
-13752
What is 32184 (base 9) in base 8?
51462
13062 (base 10) to base 9
18823
-3205 (base 6) to base 4
-23111
Convert 41313 (base 7) to base 12.
5a20
Convert -130230 (base 4) to base 6.
-12300
Convert -1010001000110011 (base 2) to base 16.
-a233
Convert -233037 (base 8) to base 16.
-1361f
What is 123421 (base 5) in base 2?
1001011111101
What is 1416 (base 11) in base 15?
822
Convert -46d3 (base 14) to base 7.
-50653
Convert -1036 (base 10) to base 13.
-619
-a5 (base 14) to base 9
-171
What is 4991 (base 14) in base 2?
11001001000011
What is -11231021 (base 4) in base 12?
-11635
What is -1541 (base 16) in base 2?
-1010101000001
Convert 146 (base 9) to base 12.
a3
Convert 630 (base 11) to base 9.
1033
Convert -13102 (base 5) to base 15.
-487
What is -4342 (base 5) in base 4?
-21111
-1133 (base 13) to base 11
-189a
What is 2be (base 15) in base 13?
395
Convert -d57 (base 16) to base 10.
-3415
Convert -103515 (base 6) to base 16.
-21a7
-2982 (base 12) to base 13
-2291
What is -1036 (base 8) in base 13?
-329
-49c (base 13) to base 15
-38a
Convert -1102234 (base 5) to base 15.
-59b4
323223 (base 4) to base 6
25403
10010100001000 (base 2) to base 9
14003
666 (base 10) to base 8
1232
Convert 1a40 (base 13) to base 15.
1279
Convert 504 (base 10) to base 16.
1f8
What is -13c6 (base 14) in base 10?
-3506
Convert -231 (base 4) to base 7.
-63
Convert -1967 (base 10) to base 5.
-30332
Convert -10 (base 9) to base 4.
-21
What is 145 (base 12) in base 8?
305
-101111010001100 (base 2) to base 7
-130365
Convert 234333 (base 5) to base 6.
104210
-31533 (base 6) to base 12
-25a9
Convert -1024 (base 13) to base 8.
-4263
What is -11100010110011 (base 2) in base 4?
-3202303
What is -8f56 (base 16) in base 6?
-441514
-571b (base 12) to base 5
-302141
What is 3570 (base 9) in base 3?
10122100
What is -2102210 (base 3) in base 8?
-3360
What is -311 (base 11) in base 9?
-456
-53374 (base 8) to base 13
-a19c
What is 2002211 (base 3) in base 16?
5fe
What is 3c4 (base 14) in base 13?
466
What is 25322 (base 12) in base 5?
3104240
-51532 (base 6) to base 4
-1223300
d7 (base 16) to base 10
215
Convert -52